s the ten thousands digit of b?
1
Let l(j) be the second derivative of -j**4/12 - j**3/6 - j**2 + 36*j. Let f be l(-2). Let v(x) = -4*x**3 - 5*x**2 - 2*x + 8. What is the hundreds digit of v(f)?
1
Let a = 124 + -127. What is the units digit of 3 - (9/a - 244)?
0
What is the units digit of (2/6)/((-1)/(-40458))?
6
Let v(b) = -34*b + 821. Let m be v(24). Let o = 0 + 2. Suppose -20 = -m*p, -p + 124 = o*r + 3*p. What is the tens digit of r?
5
Suppose -184*y + 3610 = -135*y + 768. Suppose -d - 1 + 3 = 0. Suppose 0 = -4*c + d*c + y. What is the units digit of c?
9
Let l(s) = -31 - 8*s**2 + 11*s**2 - 15*s - 2*s**2 - 2*s**2 - s**3. What is the tens digit of l(-9)?
5
Let v(o) = 8*o + 13. Let f(q) = -72*q - 116. Let z(t) = -6*f(t) - 52*v(t). Suppose 5*u + 4 = -b + 11, -21 = -3*b + 2*u. What is the hundreds digit of z(b)?
1
Let v = -3397 - -8873. Suppose -v + 989 = -7*c. What is the hundreds digit of c?
6
Let v = 23 - -16. Suppose -2*p - 4*j = -32, v = 4*p - j + 2. Suppose -p*f - 1002 = -16*f. What is the units digit of f?
7
Suppose -41*d = -2*d - 42588. Let a = d + -26. What is the thousands digit of a?
1
Let p(f) = -5*f**3 + 22*f**2 + 23*f + 14. Let t(v) = 12*v**3 - 44*v**2 - 47*v - 28. Let r(h) = 7*p(h) + 3*t(h). What is the units digit of r(-21)?
5
Suppose 27*o - 29*o + 10 = 0. Suppose f - 20 = -4*h, o*h - 3 = -4*f + 22. Suppose 505 = h*x - 320. What is the units digit of x?
5
Let p(r) = -r**2 + 27*r - 29. Let u be p(24). Let g(j) = -2*j**3 + j**2 + 2*j - 2. Let c be g(3). Let i = u + c. What is the units digit of i?
2
What is the tens digit of ((-37933)/98 + 5/10)/(1/(-77))?
6
Suppose 18 = 2*k + 118. Let d = 54 + k. What is the units digit of (86/d - 3)*2?
7
Let l be 4/((-280)/30) - (-52)/7. Suppose -4 = -4*i, i = l*x - 10*x + 2530. What is the tens digit of x?
4
Suppose -4 = -5*c + 16. Let l(g) = g**2 - 43*g - 2620. Let u be l(-34). What is the units digit of 7296/44 + c + u/(-11)?
0
Suppose -4 = 4*h - 4*o, -7 = 3*h - 8*h + 2*o. What is the units digit of ((-1)/((-35)/(-3330)))/(h/(-28))?
8
Suppose -21*n + 16956 = 6*n. What is the tens digit of n*(-6)/(-12)*(-1 + 2)?
1
Let i(l) = l**2 + 21*l + 10. Let q be i(-23). Suppose -61*n + 1870 = -q*n. What is the units digit of n?
4
Let n(i) = -i**2 - 60*i + 4. Let q(x) = -14*x + 18. Let y be q(2). What is the tens digit of n(y)?
0
Suppose 11*k - 43296 = 13*k - 10*k. What is the tens digit of k?
1
Let t be (-6)/(-15) - 43/(-5). Suppose 4*w + 12 = k, -5*w - t = -2*k + 6. Let f(m) = 2*m**2 + 4*m - 4. What is the units digit of f(w)?
2
Let z = 51 - 42. Suppose -6*p + 69 = z. What is the tens digit of 1014/p + (-4)/10?
0
Let u(h) = 2*h**3 + h**2 - h - 1. Let f be u(-1). Let a(z) = 940*z**3 - 2236*z**3 + 1054*z**3 + 3*z + 3. What is the units digit of a(f)?
2
Let i(z) = -14520*z - 252. What is the units digit of i(-1)?
8
Let o(q) = -5*q**3 + 2*q - 3. Let y be o(-3). Let f be 137/3 + (-6)/y*-7. Suppose 0 = 3*n - f - 146. What is the units digit of n?
4
Let r(o) = 121*o - 47. Suppose -2*x + 43 = 5*a, -7 - 15 = -2*a - 2*x. What is the hundreds digit of r(a)?
8
Let v(d) = 59*d**2 - 5*d + 22. Suppose 5 = -5*t + 5*b, t + 2*b = -0*b + 11. What is the hundreds digit of v(t)?
5
Let a = 8 + 4. Suppose 3 = -2*t - u, u + 3*u = 3*t - a. Suppose 5*j + 5 = t, 122 = 2*c + 2*j - 16. What is the tens digit of c?
7
Let l be (1 + 7458/18)/(2/(-3)). Let p = -384 - l. What is the tens digit of p?
3
Suppose -2*c + z + 6109 = 0, 5*z + 6105 = -0*c + 2*c. Let a = c + -2072. What is the tens digit of a?
8
Let i(d) = d**2 + 12*d + 41. Let n be i(-11). What is the tens digit of 3/30 + 5277/n?
7
Let y(d) = -4*d**3 + d**2 - 5*d + 5. Let h be y(2). Let z = h - -173. Suppose 0*n - x - 105 = -3*n, 3*x + z = 4*n. What is the tens digit of n?
3
Suppose 290*t = 293*t - 1185. Suppose t = c - b, 78*b - 79*b = -2*c + 788. What is the hundreds digit of c?
3
Let c(t) = 283*t**2 + 5*t + 54. What is the units digit of c(-5)?
4
Let g(m) = -m**2 - 9*m + 6. Suppose 8*r = 6*r - 46. Let h = r + 17. What is the tens digit of g(h)?
2
Suppose -6*m - 38 = -8. Let z be m/(-40) + (-334)/(-16). What is the tens digit of (32/(-6))/(62/z + -3)?
1
Suppose 2*s = 5 - 1. Suppose -p = 3*c + s, 2*c + c + 7 = -2*p. What is the units digit of (-105)/(-28) - c/(-4)?
4
Suppose -z = -2*a - 2171, 4*z - 4*a + 2165 = 5*z. What is the units digit of z?
9
Suppose 4*o = -4*s, -s - 4*o = -2*o + 4. Let c(n) = -23*n + 9. Let r(y) = 392*y - 154. Let x(i) = -70*c(i) - 4*r(i). What is the tens digit of x(s)?
5
Let p(k) = 3*k**3 + 1. Let o be p(1). Suppose -5*d - 4*b + 1299 = -b, 0 = -o*d + 2*b + 1026. Let v = -152 + d. What is the tens digit of v?
0
Suppose 0 = 5*t - 35, 3*t - 4182 - 2183 = -4*m. What is the units digit of m?
6
Let r(j) = 1041*j**2 - 609*j + 1. What is the thousands digit of r(8)?
1
Let v = -212 - -133. Let d = v - -531. What is the units digit of d?
2
Let o(s) = -1325*s + 558. What is the units digit of o(-3)?
3
Let b = 139 - 98. Suppose 98 = -40*x + b*x. What is the units digit of x?
8
Let f(r) = -109*r**3 + 6*r - 7. Let m be f(-3). Suppose -2*b - 2*t + m = 0, 7271 = 15*b - 10*b - 3*t. What is the hundreds digit of b?
4
Let h be (-1 - (-12)/9)*228. Suppose -4*t = -0*t - h. Let m = t + 11. What is the units digit of m?
0
Suppose 0 = -48*j + 44*j - 4*v + 130316, -2*j + 65133 = -3*v. What is the units digit of j?
4
Let r be (18/(-15))/(16/(-28400)). Suppose -5*l - k = -866 - r, 5*l = 5*k + 2990. What is the tens digit of l?
9
Let u(a) = a**3 - 10*a**2 + 7*a + 17. Let x be u(9). Let p(r) = 554*r**2 - 4*r - 3. What is the hundreds digit of p(x)?
5
Suppose 0 = -t - 4*l + 1651 + 770, 3*l = 4*t - 9665. Suppose t + 2273 = 10*y. What is the units digit of y?
9
What is the hundreds digit of (181/(-1267) - 446874/(-7)) + -7 + -1?
8
Suppose -2*h + 9*c = 14*c - 25866, c = -2. What is the ten thousands digit of h?
1
Let k(m) = 2919*m**2 + 359*m - 1756. What is the hundreds digit of k(5)?
0
Let c be 1207195/987 - ((-4)/(-42))/1. Suppose 4*n - 92 = -3*h + c, -4*h + n = -1747. What is the hundreds digit of h?
4
Suppose 69*h = 80*h + 252164. What is the tens digit of 4/(-6) + h/(-33) + -5?
8
Suppose 0 = 2*z - 7 - 1. Suppose 4*m - 104 = -z*b, -5*b + 2*m = -3*m - 140. Suppose -s + 53 = -b. What is the tens digit of s?
8
Let f = 841 + -472. Let o = f - 80. What is the units digit of o?
9
What is the thousands digit of ((0 - -16)/(-1))/(9405/9427 + -1)?
6
What is the hundreds digit of (-79149)/(-6) + 162/36?
1
Suppose 0 = -d - 1, 0 = -2*t + 5*d - 6 - 3. What is the tens digit of 186 + (0 - t - 1)?
9
Let v(f) = 367*f**2 - 82*f + 954. What is the hundreds digit of v(12)?
8
Let o be 15282/21 - (-2)/7. Suppose -3*n + 5*y + o = -n, 2*n = 2*y + 722. Suppose -4*x = 2*u - 374, -4*x - u = 4*u - n. What is the tens digit of x?
9
What is the hundreds digit of (-296)/(-666) - -423851*(-3)/(-27)?
0
Suppose -5*y - 5004 = -11*y. Let p = -353 + y. What is the tens digit of p?
8
Let i(q) = 4*q - 7*q**2 + 16713 - 16713 + 140*q**3. What is the tens digit of i(2)?
0
Let h = -47328 - -89853. What is the hundreds digit of h?
5
Suppose 86*k - 1594773 = 4*k - 570839. What is the hundreds digit of k?
4
Let w be 4/(-5) + 4064/80. Let j be 5 - (-5)/(-4 - 1). Let y = j + w. What is the tens digit of y?
5
Let t be -1*2*(-8 + -11). Let u be t/(-19)*(-88)/2. Suppose -5*i + u + 682 = 0. What is the tens digit of i?
5
Let b(p) = 40*p**3 + 3*p**2 - 1. Let q be b(1). Let g = q + -106. What is the tens digit of 2 + (-2 - -2) - (g - 5)?
7
Let i = -361 + 365. Suppose -i*y - 2840 = -3*t - 2*t, 5*y - 2272 = -4*t. What is the units digit of t?
8
Suppose -3*x + 12706 = 10919 - 37330. What is the thousands digit of x?
3
Suppose -11*h + 15*h = 23868. What is the units digit of h?
7
Let n = 569 + -560. Suppose -3785 = -n*a + 6475. What is the thousands digit of a?
1
Suppose 12*i = -432 - 0. What is the hundreds digit of 18/(-4)*2032/i?
2
Let j(l) = 14*l**3 - 14*l**2 + 11*l + 87. What is the ten thousands digit of j(13)?
2
Let q be (588/(-2058))/((2/7)/2). What is the units digit of q/(-6)*(-6 + 1416 + -3)?
9
What is the thousands digit of -1 + 1 - 346869/(-15) - 36/(-90)?
3
Let k = -9980 + 56167. What is the ten thousands digit of k?
4
Let l = -6543 + 9918. Suppose -4*j = -9*j + 2*c + l, -j - c + 675 = 0. Suppose -j = -4*p - 227. What